 2*r(p). What is the units digit of d(2)?
2
Let a be 614/(-7) + (-6)/(-63)*-3. Let m = 270 + a. What is the hundreds digit of m?
1
What is the hundreds digit of -1 + -2 + (-1379)/(-1) - 0?
3
Let m be (4/((-16)/221))/(1/(-4)). Suppose -16*d - d = -m. What is the tens digit of d?
1
Let g be (-114)/(-5) - (-7)/35. Let o be 0 - (-2 - 1 - g). Let x = -17 + o. What is the units digit of x?
9
Let d(w) = -46*w**3. Let x be d(1). Let f = 90 - x. What is the hundreds digit of f?
1
Suppose 3*j + 9 = -0*n - 2*n, 4*j + 16 = -4*n. Let p be j/(4/(-2) + 3). What is the tens digit of (4/10)/(p/(-60))?
2
Let z(l) = l**2 + 10*l + 7. Let y = -22 + 11. Let u(q) = -3*q**2 - 30*q - 21. Let o(x) = y*z(x) - 4*u(x). What is the units digit of o(-10)?
7
Suppose j - 901 = 199. What is the hundreds digit of j?
1
Suppose -27*o + 44090 = -11071. What is the units digit of o?
3
Let j(y) be the first derivative of -1/4*y**4 - 5/2*y**2 - 10*y + 8/3*y**3 + 7. What is the units digit of j(7)?
4
Let z(j) = 192*j**3 + 10*j**2 - 26*j - 4. What is the thousands digit of z(3)?
5
Let o = 2 + 2. Suppose -3*d + 5*c + 181 = 0, o*c - 3*c = -4*d + 226. Suppose 5*s + 2*l = 347, -4*s + 221 = 2*l - d. What is the units digit of s?
9
Let h(u) = u**3 - 10*u**2 - 11*u + 11. Let x be h(12). Suppose 0 = -2*g - 5*t + x, -5*t - 11 = -3*g + 227. What is the units digit of g?
1
Suppose -4*c + 996 = 2*h, -h + 3*c = -3*h + 1000. What is the units digit of h?
6
Suppose -17*u + 15*u = -4. Suppose -i - 5*w + 23 + 92 = 0, -u*w - 290 = -2*i. What is the units digit of i?
0
Let h be ((-18)/(-4))/(24/32). Suppose -9 = -h*f + 3. What is the units digit of (f/(-4))/(12/(-312))?
3
Let y be 5/((-45)/(-6))*15. Suppose k - y*k = -324. What is the tens digit of k?
3
Suppose 0 = 20*d - 6427 - 2173. What is the tens digit of d?
3
Let c = 34 + -28. Suppose c - 54 = -2*f. What is the units digit of f?
4
Suppose 0*d - q = 3*d - 8, -4*q - 13 = -3*d. Let f(p) = -4*p - 45 - p**2 + 0*p**2 + 48 + 4*p**2. What is the units digit of f(d)?
8
Suppose -7 = -2*s + 3*s. Let a(y) = 2*y + 14. Let k be a(s). Suppose k = 2*z + 2*r - 0*r - 62, 5*r = 5. What is the units digit of z?
0
Suppose 7048 = 2*y + 2*p, 0 = -2*y - 0*y + 3*p + 7023. What is the units digit of y?
9
Let z = 1310 - 906. What is the tens digit of z?
0
Let z be (108 - (6 + -3)) + 3. Suppose 3*m + 0*i = i + 173, 0 = -2*m - 3*i + z. What is the tens digit of m?
5
Let r(i) = i**3 + 2*i**2 - 11*i - 4. Let n be r(4). Suppose -j - 1 = o - n, 3*j = -5*o + 145. What is the tens digit of j?
4
Let h(k) = -k**3 - 8*k**2 - 5*k + 8. Let i be h(-7). Let j(u) = -u**3 - 3*u**2 - 3*u + 6. What is the hundreds digit of j(i)?
1
Let y be (-4*(-4)/(-24))/((-2)/(-90)). Let z be ((-53)/3)/((-3)/9). Let t = y + z. What is the tens digit of t?
2
Let h = -78 - -81. Suppose -h*q + 8 = -j - 52, 0 = -5*q - 2*j + 111. What is the units digit of q?
1
Let p = 89 + 189. What is the tens digit of p?
7
Suppose -3143 = -26*m + 3539. What is the tens digit of m?
5
Suppose -13*n + 11*n - 8 = 0. Let g be ((-48)/(-64))/((-1)/n). Suppose 4*i - g*x = 64, 2*i - 2*x = 1 + 33. What is the tens digit of i?
1
Suppose -20*x = -16*x - 16. Suppose -4*n = -x*c - 192, 3*n - 2*c - 75 = 73. What is the tens digit of n?
5
Suppose -3 - 7 = -5*a. Let r be (-10)/4 - 2/(-4). What is the tens digit of (r - (-6)/a) + 34?
3
Suppose x - 8 = -4*d, 0*d + 18 = 5*x - 2*d. Suppose g = -4*t - 4, x*t = 2*g + 3*t - 28. What is the units digit of g?
2
Let t be (-12)/36 - (-26)/6. Suppose -t*v + 87 = 3*g - 51, 3*g = 6. What is the tens digit of v?
3
Suppose 4*u + 4 = 5*r - 4, -r = 5*u - 19. What is the tens digit of 121/r - 1 - 66/(-88)?
3
Suppose -13*j + 28*j - 20745 = 0. What is the tens digit of j?
8
What is the hundreds digit of (-238)/84 + (-1)/6 - -3720?
7
Suppose 7 = -v - 13. Let a be 1/(24/(-1107)) - 1/(-8). Let z = v - a. What is the units digit of z?
6
Suppose 0 = -189*o + 197*o - 4264. What is the hundreds digit of o?
5
Let q(a) = a + 22. Let b(g) = 3*g + 45. Let k(d) = 3*b(d) - 5*q(d). What is the units digit of k(-6)?
1
Suppose 2*b - 818 = -4*f, f + 13 = 2*b + 230. What is the hundreds digit of f?
2
Let t(f) = 6*f**3 + 3*f**2 + 2. Let p be t(-3). Let z = p - -271. What is the tens digit of z?
3
Let d(c) = 41*c**2 - 9*c - 6. What is the tens digit of d(5)?
7
Let j(g) = 2*g**3 + 3*g**2 + g + 12. What is the tens digit of j(4)?
9
What is the hundreds digit of (309 + 2)/((-3)/(-30)*5)?
6
Let q(p) = -p**3 + 11*p**2 + 12*p + 12. Suppose 0 = -3*t, t - 2*t = s - 48. Suppose 6*m = 2*m + s. What is the units digit of q(m)?
2
Let n(a) = 5*a**2 - a - 24. Let p be n(5). Suppose 4*c - p = 4*s, 27 - 129 = -4*c + s. What is the units digit of c?
6
What is the tens digit of (-9)/21 + (-14315)/(-245)?
5
Let o = -482 + 1120. What is the units digit of o?
8
Let j(x) be the second derivative of -x**4/12 + 13*x**3/6 - 6*x**2 + x. Let v be (-4)/6 - (348/9)/(-4). What is the tens digit of j(v)?
2
Let p = -328 - -578. What is the hundreds digit of p?
2
Let t = -34 + 39. Let k = 14 - t. What is the units digit of k?
9
Let r be (2 - 1) + 7*-1. Let q(j) = 8*j + 6 - 2 + 22*j**2 - 26*j**2 - j**3. What is the units digit of q(r)?
8
Let d(w) = -w**3 + 19*w**2 - 18*w + 12. Let r be d(18). Suppose -5*o - r = -147. What is the tens digit of o?
2
Let r be 50/((-1 + 2)*-2). What is the units digit of (2 + (-570)/r)/((-2)/(-5))?
2
Suppose -5*n = -5*w - 6665 - 1775, -3*n - 3*w + 5046 = 0. What is the units digit of n?
5
Suppose 2*r - 17 = 13. Suppose 3*i + r + 3 = 0. Let b = -3 - i. What is the units digit of b?
3
Let s = -61 + 43. What is the tens digit of 6/s + 212/6?
3
Let t = 1288 + -693. What is the units digit of t?
5
Let f = 722 - -59. What is the units digit of f?
1
Suppose 4*r = 6 - 18. Let t(z) = z**3 + 4*z**2 + 4*z + 5. Let c be t(r). Suppose 0 = 5*b, -c*k + 3*k + 2*b - 53 = 0. What is the units digit of k?
3
Let f(i) = 17*i + 19. Let s be f(5). Let v = 238 - s. What is the hundreds digit of v?
1
Let j(k) = -k + 24. Let t be j(0). Suppose r + 2 = 2*r. Let d = t + r. What is the units digit of d?
6
Let f(d) = 42*d**2 - 2*d - 1. Suppose k = -2*k - 12. Let l = 3 + k. What is the tens digit of f(l)?
4
Suppose -6*b + b + 10 = 0. Let j(i) = i**b - 23*i**3 - 6*i**2 + 4*i**2 - i. What is the tens digit of j(-1)?
2
Suppose -11 = -3*f + 364. Suppose 0 = -2*h - u + 65, -4*h + 0*h - 3*u = -f. What is the units digit of h?
5
Suppose 2*c = -3*g + 23, -5*c + 19 = 7*g - 5*g. Let t be g/((-7)/(-4)) - 3. What is the units digit of -2*(-164)/8*t?
1
Let k be 1*4*(-8 + 6). Let w(t) = t**2 - 10*t + 2. Let z be w(k). What is the tens digit of (-16)/(-24) + z/6?
2
Let x(u) = 375*u - 181*u - 2*u**2 + 9 + u**2 - 184*u. Let v(q) = q**3 + 5*q**2 + 2*q - 4. Let y be v(-3). What is the tens digit of x(y)?
2
Let i = -1064 + 1495. What is the units digit of i?
1
Let m be ((4 + -4)/((-1)/1))/2. Suppose -129 + 31 = -z - 2*k, -2*z - 5*k + 199 = m. What is the tens digit of z?
9
Suppose 252*m = 247*m + 4240. What is the hundreds digit of m?
8
Let i = 367 - 54. What is the tens digit of 18/(-36)*((-1)/1 - i)?
5
Let p(x) = x**2 - 2*x + 3. Let u be p(1). Suppose 204 = u*m + 4*m. What is the tens digit of m?
3
Suppose -4*i + 896 = 2*l, 4*l + 3*i + 1770 = 8*l. What is the units digit of l?
4
Let g be -5 + 2 + 387 + 3 + 0. Suppose 6*v - 3 = g. What is the units digit of v?
5
Suppose -3*o - 4*w = -2219, -5*o + 2957 = -o + 5*w. What is the hundreds digit of o?
7
Suppose -10*d + 15*d + 2*b = 1237, 3*d - 739 = 2*b. What is the tens digit of d?
4
Let o(a) = 10*a + 7. Let g be o(5). Suppose 3*v - g + 0 = 0. Let d = v + -6. What is the units digit of d?
3
Let z = 4587 + -1145. What is the thousands digit of z?
3
Let j be (-11)/(-33)*687*1. Let q = j - 122. What is the tens digit of q?
0
Let p(z) = z**3 + 6*z**2 - 6*z - 4. Let c be p(-8). Let n = c + 377. What is the tens digit of n?
9
Suppose 707*h - 709*h = -1616. What is the hundreds digit of h?
8
Let n = 20 + -35. Let w be (13 - 0)*(5 + -4). Let l = w - n. What is the units digit of l?
8
Suppose -3*x + 30 = 7*x. Suppose 0 = l - x*d - 27, -d - d = -l + 30. What is the units digit of l?
6
Suppose -2*s - 4 = 3*d - 0*s, -d - 2*s - 4 = 0. Suppose d = -2*h + 2*p + 22, -5*h + 5*p = -h - 47. Suppose -4*q + 116 = h. What is the tens digit of q?
2
Suppose -1